{"id":793,"date":"2020-06-10T14:20:03","date_gmt":"2020-06-10T12:20:03","guid":{"rendered":"http:\/\/tecedeiras.gal\/?page_id=793"},"modified":"2020-06-15T14:28:46","modified_gmt":"2020-06-15T12:28:46","slug":"lorena-souto","status":"publish","type":"page","link":"https:\/\/tecedeiras.gal\/?page_id=793","title":{"rendered":"Lorena Souto"},"content":{"rendered":"\t\t<div data-elementor-type=\"wp-page\" data-elementor-id=\"793\" class=\"elementor elementor-793\">\n\t\t\t\t\t\t<section class=\"elementor-section elementor-top-section elementor-element elementor-element-e4b9c1d elementor-section-boxed elementor-section-height-default elementor-section-height-default\" data-id=\"e4b9c1d\" data-element_type=\"section\" data-e-type=\"section\">\n\t\t\t\t\t\t<div class=\"elementor-container elementor-column-gap-default\">\n\t\t\t\t\t<div class=\"elementor-column elementor-col-100 elementor-top-column elementor-element elementor-element-65c92e3\" data-id=\"65c92e3\" data-element_type=\"column\" data-e-type=\"column\">\n\t\t\t<div class=\"elementor-widget-wrap elementor-element-populated\">\n\t\t\t\t\t\t<div class=\"elementor-element elementor-element-a563e3f elementor-widget elementor-widget-image\" data-id=\"a563e3f\" data-element_type=\"widget\" data-e-type=\"widget\" data-widget_type=\"image.default\">\n\t\t\t\t<div class=\"elementor-widget-container\">\n\t\t\t\t\t\t\t\t\t\t\t\t\t\t\t<img fetchpriority=\"high\" decoding=\"async\" width=\"350\" height=\"350\" src=\"https:\/\/i0.wp.com\/tecedeiras.gal\/wp-content\/uploads\/2020\/06\/lorena.jpg?fit=350%2C350&amp;ssl=1\" class=\"attachment-large size-large wp-image-915\" alt=\"Lorena Souto\" srcset=\"https:\/\/i0.wp.com\/tecedeiras.gal\/wp-content\/uploads\/2020\/06\/lorena.jpg?w=350&amp;ssl=1 350w, https:\/\/i0.wp.com\/tecedeiras.gal\/wp-content\/uploads\/2020\/06\/lorena.jpg?resize=300%2C300&amp;ssl=1 300w, https:\/\/i0.wp.com\/tecedeiras.gal\/wp-content\/uploads\/2020\/06\/lorena.jpg?resize=150%2C150&amp;ssl=1 150w, https:\/\/i0.wp.com\/tecedeiras.gal\/wp-content\/uploads\/2020\/06\/lorena.jpg?resize=230%2C230&amp;ssl=1 230w\" sizes=\"(max-width: 350px) 100vw, 350px\" \/>\t\t\t\t\t\t\t\t\t\t\t\t\t\t\t<\/div>\n\t\t\t\t<\/div>\n\t\t\t\t<div class=\"elementor-element elementor-element-5c7c6f3 elementor-widget elementor-widget-text-editor\" data-id=\"5c7c6f3\" data-element_type=\"widget\" data-e-type=\"widget\" data-widget_type=\"text-editor.default\">\n\t\t\t\t<div class=\"elementor-widget-container\">\n\t\t\t\t\t\t\t\t\t<p>A literatura \u00e9, seguramente, un dos elementos que maior espazo ocupa na mi\u00f1a vida: formaci\u00f3n, traballo, lecer&#8230; Unha das mi\u00f1as canles preferidas para entender mellor o mundo, participar nel e a trav\u00e9s da que facer medrar amizades e descubertas. <\/p>\n<p> Despois de estudar filolox\u00eda galega e cursos de doutoramento en Teor\u00eda da literatura na USC, fixen a mi\u00f1a tese sobre narrativa galega na Universidade de Bangor, en Gales, onde tam\u00e9n traballei como profesora de galego e de espa\u00f1ol. A mi\u00f1a especializaci\u00f3n c\u00e9ntrase na teor\u00eda da literatura, a literatura galega contempor\u00e1nea e os estudos literarios feministas. <\/p>\n\n<p>Participei en diversas publicaci\u00f3ns colectivas, en recitais e no consello editorial da revista literaria <em>Dorna<\/em>. O meu primeiro libro, <em>Fase de trema<\/em>, foi galardoado co premio Xos\u00e9 Mar\u00eda P\u00e9rez Parall\u00e9 e nos \u00faltimos anos t\u00e9\u00f1enme dado moitas alegr\u00edas <em>Cole\u00f3pteros<\/em>, editado por Chan da p\u00f3lvora despois de ga\u00f1ar o Premio Leiras Pulpeiro, e Aderyn, o proxecto po\u00e9tico-musical que comparto co m\u00fasico David Miranda e que podedes escoitar aqu\u00ed: <a href=\"https:\/\/aderyn.bandcamp.com\/releases\">https:\/\/aderyn.bandcamp.com\/releases<\/a><\/p>\n\t\t\t\t\t\t\t\t<\/div>\n\t\t\t\t<\/div>\n\t\t\t\t<section class=\"elementor-section elementor-inner-section elementor-element elementor-element-b68304f elementor-section-boxed elementor-section-height-default elementor-section-height-default\" data-id=\"b68304f\" data-element_type=\"section\" data-e-type=\"section\">\n\t\t\t\t\t\t<div class=\"elementor-container elementor-column-gap-default\">\n\t\t\t\t\t<div class=\"elementor-column elementor-col-100 elementor-inner-column elementor-element elementor-element-8e4d9cf\" data-id=\"8e4d9cf\" data-element_type=\"column\" data-e-type=\"column\">\n\t\t\t<div class=\"elementor-widget-wrap elementor-element-populated\">\n\t\t\t\t\t\t<div class=\"elementor-element elementor-element-45bfa6c elementor-view-default elementor-widget elementor-widget-icon\" data-id=\"45bfa6c\" data-element_type=\"widget\" data-e-type=\"widget\" data-widget_type=\"icon.default\">\n\t\t\t\t<div class=\"elementor-widget-container\">\n\t\t\t\t\t\t\t<div class=\"elementor-icon-wrapper\">\n\t\t\t<a class=\"elementor-icon\" href=\"https:\/\/instagram.com\/coleoptera.souto\">\n\t\t\t<i aria-hidden=\"true\" class=\"fab fa-instagram\"><\/i>\t\t\t<\/a>\n\t\t<\/div>\n\t\t\t\t\t\t<\/div>\n\t\t\t\t<\/div>\n\t\t\t\t\t<\/div>\n\t\t<\/div>\n\t\t\t\t\t<\/div>\n\t\t<\/section>\n\t\t\t\t\t<\/div>\n\t\t<\/div>\n\t\t\t\t\t<\/div>\n\t\t<\/section>\n\t\t\t\t<\/div>\n\t\t","protected":false},"excerpt":{"rendered":"<p>A literatura \u00e9, seguramente, un dos elementos que maior espazo ocupa na mi\u00f1a vida: formaci\u00f3n, traballo, lecer&#8230; Unha das mi\u00f1as canles preferidas [&hellip;]<\/p>\n","protected":false},"author":5,"featured_media":0,"parent":0,"menu_order":0,"comment_status":"closed","ping_status":"closed","template":"","meta":{"footnotes":""},"class_list":["post-793","page","type-page","status-publish","hentry"],"jetpack_sharing_enabled":true,"_links":{"self":[{"href":"https:\/\/tecedeiras.gal\/index.php?rest_route=\/wp\/v2\/pages\/793","targetHints":{"allow":["GET"]}}],"collection":[{"href":"https:\/\/tecedeiras.gal\/index.php?rest_route=\/wp\/v2\/pages"}],"about":[{"href":"https:\/\/tecedeiras.gal\/index.php?rest_route=\/wp\/v2\/types\/page"}],"author":[{"embeddable":true,"href":"https:\/\/tecedeiras.gal\/index.php?rest_route=\/wp\/v2\/users\/5"}],"replies":[{"embeddable":true,"href":"https:\/\/tecedeiras.gal\/index.php?rest_route=%2Fwp%2Fv2%2Fcomments&post=793"}],"version-history":[{"count":7,"href":"https:\/\/tecedeiras.gal\/index.php?rest_route=\/wp\/v2\/pages\/793\/revisions"}],"predecessor-version":[{"id":1056,"href":"https:\/\/tecedeiras.gal\/index.php?rest_route=\/wp\/v2\/pages\/793\/revisions\/1056"}],"wp:attachment":[{"href":"https:\/\/tecedeiras.gal\/index.php?rest_route=%2Fwp%2Fv2%2Fmedia&parent=793"}],"curies":[{"name":"wp","href":"https:\/\/api.w.org\/{rel}","templated":true}]}}