{"id":1338,"date":"2020-12-24T16:41:15","date_gmt":"2020-12-24T14:41:15","guid":{"rendered":"http:\/\/tecedeiras.gal\/?page_id=1338"},"modified":"2020-12-24T17:41:45","modified_gmt":"2020-12-24T15:41:45","slug":"maria-lado","status":"publish","type":"page","link":"http:\/\/tecedeiras.gal\/?page_id=1338","title":{"rendered":"Mar\u00eda Lado"},"content":{"rendered":"\t\t<div data-elementor-type=\"wp-page\" data-elementor-id=\"1338\" class=\"elementor elementor-1338\">\n\t\t\t\t\t\t<section class=\"elementor-section elementor-top-section elementor-element elementor-element-92fc3c3 elementor-section-boxed elementor-section-height-default elementor-section-height-default\" data-id=\"92fc3c3\" data-element_type=\"section\" data-e-type=\"section\">\n\t\t\t\t\t\t<div class=\"elementor-container elementor-column-gap-default\">\n\t\t\t\t\t<div class=\"elementor-column elementor-col-100 elementor-top-column elementor-element elementor-element-e880e34\" data-id=\"e880e34\" data-element_type=\"column\" data-e-type=\"column\">\n\t\t\t<div class=\"elementor-widget-wrap elementor-element-populated\">\n\t\t\t\t\t\t<div class=\"elementor-element elementor-element-3199e27 elementor-widget elementor-widget-image\" data-id=\"3199e27\" data-element_type=\"widget\" data-e-type=\"widget\" data-widget_type=\"image.default\">\n\t\t\t\t<div class=\"elementor-widget-container\">\n\t\t\t\t\t\t\t\t\t\t\t\t\t\t\t<img fetchpriority=\"high\" decoding=\"async\" width=\"350\" height=\"350\" src=\"https:\/\/i0.wp.com\/tecedeiras.gal\/wp-content\/uploads\/2020\/12\/maria_2.jpg?fit=350%2C350\" class=\"attachment-large size-large wp-image-1345\" alt=\"\" srcset=\"https:\/\/i0.wp.com\/tecedeiras.gal\/wp-content\/uploads\/2020\/12\/maria_2.jpg?w=350 350w, https:\/\/i0.wp.com\/tecedeiras.gal\/wp-content\/uploads\/2020\/12\/maria_2.jpg?resize=300%2C300 300w, https:\/\/i0.wp.com\/tecedeiras.gal\/wp-content\/uploads\/2020\/12\/maria_2.jpg?resize=150%2C150 150w, https:\/\/i0.wp.com\/tecedeiras.gal\/wp-content\/uploads\/2020\/12\/maria_2.jpg?resize=230%2C230 230w\" sizes=\"(max-width: 350px) 100vw, 350px\" \/>\t\t\t\t\t\t\t\t\t\t\t\t\t\t\t<\/div>\n\t\t\t\t<\/div>\n\t\t\t\t<div class=\"elementor-element elementor-element-3024330 elementor-widget elementor-widget-text-editor\" data-id=\"3024330\" data-element_type=\"widget\" data-e-type=\"widget\" data-widget_type=\"text-editor.default\">\n\t\t\t\t<div class=\"elementor-widget-container\">\n\t\t\t\t\t\t\t\t\t\n\nFormei parte do Batall\u00f3n Literario da Costa da Morte, onde comecei a recitar e publicar. Como poeta publiquei A primeira visi\u00f3n (1997), casa atl\u00e1ntica, casa cabaret (2002), berl\u00edn (2005), Nove (2008), Amantes (2011)  oso, mam\u00e1, si? (2015)  que foi escollido Mellor Libro de Poes\u00eda na I Gala do Libro Galego e Gramo Stendhal (2020). O meu interese polo teatro e a oralidade, lev\u00e1ronme a experimentar na poes\u00eda esc\u00e9nica a trav\u00e9s de diferentes proxectos. Fun unha das creadoras do colectivo Poetas da Hostia e, dende o 2005, mante\u00f1o con Luc\u00eda Aldao o d\u00fao Aldaolado. Escrib\u00edn varios textos de teatro, dos que me gusta destacar Anatom\u00eda dunha serea, escrito con Iria Pinheiro que foi merecedor do premio Mar\u00eda Casares. Son tam\u00e9n autora dos conto para crianzas Porque Cuqui non quere ir \u00e1 lavadora (2014) e Cinco minutos (2017). En 2016 publiquei a novela xuvenil Entre os dous hai un r\u00edo (2016).\n\n\t\t\t\t\t\t\t\t<\/div>\n\t\t\t\t<\/div>\n\t\t\t\t<section class=\"elementor-section elementor-inner-section elementor-element elementor-element-3e5fe04 elementor-section-boxed elementor-section-height-default elementor-section-height-default\" data-id=\"3e5fe04\" data-element_type=\"section\" data-e-type=\"section\">\n\t\t\t\t\t\t<div class=\"elementor-container elementor-column-gap-default\">\n\t\t\t\t\t<div class=\"elementor-column elementor-col-25 elementor-inner-column elementor-element elementor-element-8d5584b\" data-id=\"8d5584b\" data-element_type=\"column\" data-e-type=\"column\">\n\t\t\t<div class=\"elementor-widget-wrap\">\n\t\t\t\t\t\t\t<\/div>\n\t\t<\/div>\n\t\t\t\t<div class=\"elementor-column elementor-col-25 elementor-inner-column elementor-element elementor-element-6b24edb\" data-id=\"6b24edb\" data-element_type=\"column\" data-e-type=\"column\">\n\t\t\t<div class=\"elementor-widget-wrap elementor-element-populated\">\n\t\t\t\t\t\t<div class=\"elementor-element elementor-element-2f79441 elementor-view-default elementor-widget elementor-widget-icon\" data-id=\"2f79441\" data-element_type=\"widget\" data-e-type=\"widget\" data-widget_type=\"icon.default\">\n\t\t\t\t<div class=\"elementor-widget-container\">\n\t\t\t\t\t\t\t<div class=\"elementor-icon-wrapper\">\n\t\t\t<a class=\"elementor-icon\" href=\"https:\/\/www.facebook.com\/maria.demallou\">\n\t\t\t<i aria-hidden=\"true\" class=\"fab fa-facebook-f\"><\/i>\t\t\t<\/a>\n\t\t<\/div>\n\t\t\t\t\t\t<\/div>\n\t\t\t\t<\/div>\n\t\t\t\t\t<\/div>\n\t\t<\/div>\n\t\t\t\t<div class=\"elementor-column elementor-col-25 elementor-inner-column elementor-element elementor-element-012f65e\" data-id=\"012f65e\" data-element_type=\"column\" data-e-type=\"column\">\n\t\t\t<div class=\"elementor-widget-wrap elementor-element-populated\">\n\t\t\t\t\t\t<div class=\"elementor-element elementor-element-343f935 elementor-view-default elementor-widget elementor-widget-icon\" data-id=\"343f935\" data-element_type=\"widget\" data-e-type=\"widget\" data-widget_type=\"icon.default\">\n\t\t\t\t<div class=\"elementor-widget-container\">\n\t\t\t\t\t\t\t<div class=\"elementor-icon-wrapper\">\n\t\t\t<a class=\"elementor-icon\" href=\"https:\/\/www.instagram.com\/lado_maria\/\">\n\t\t\t<i aria-hidden=\"true\" class=\"fab fa-instagram\"><\/i>\t\t\t<\/a>\n\t\t<\/div>\n\t\t\t\t\t\t<\/div>\n\t\t\t\t<\/div>\n\t\t\t\t\t<\/div>\n\t\t<\/div>\n\t\t\t\t<div class=\"elementor-column elementor-col-25 elementor-inner-column elementor-element elementor-element-25e9462\" data-id=\"25e9462\" data-element_type=\"column\" data-e-type=\"column\">\n\t\t\t<div class=\"elementor-widget-wrap\">\n\t\t\t\t\t\t\t<\/div>\n\t\t<\/div>\n\t\t\t\t\t<\/div>\n\t\t<\/section>\n\t\t\t\t\t<\/div>\n\t\t<\/div>\n\t\t\t\t\t<\/div>\n\t\t<\/section>\n\t\t\t\t<\/div>\n\t\t","protected":false},"excerpt":{"rendered":"<p>Formei parte do Batall\u00f3n Literario da Costa da Morte, onde comecei a recitar e publicar. Como poeta publiquei A primeira visi\u00f3n (1997), [&hellip;]<\/p>\n","protected":false},"author":5,"featured_media":0,"parent":0,"menu_order":0,"comment_status":"closed","ping_status":"closed","template":"","meta":{"footnotes":""},"class_list":["post-1338","page","type-page","status-publish","hentry"],"jetpack_sharing_enabled":true,"_links":{"self":[{"href":"http:\/\/tecedeiras.gal\/index.php?rest_route=\/wp\/v2\/pages\/1338","targetHints":{"allow":["GET"]}}],"collection":[{"href":"http:\/\/tecedeiras.gal\/index.php?rest_route=\/wp\/v2\/pages"}],"about":[{"href":"http:\/\/tecedeiras.gal\/index.php?rest_route=\/wp\/v2\/types\/page"}],"author":[{"embeddable":true,"href":"http:\/\/tecedeiras.gal\/index.php?rest_route=\/wp\/v2\/users\/5"}],"replies":[{"embeddable":true,"href":"http:\/\/tecedeiras.gal\/index.php?rest_route=%2Fwp%2Fv2%2Fcomments&post=1338"}],"version-history":[{"count":8,"href":"http:\/\/tecedeiras.gal\/index.php?rest_route=\/wp\/v2\/pages\/1338\/revisions"}],"predecessor-version":[{"id":1351,"href":"http:\/\/tecedeiras.gal\/index.php?rest_route=\/wp\/v2\/pages\/1338\/revisions\/1351"}],"wp:attachment":[{"href":"http:\/\/tecedeiras.gal\/index.php?rest_route=%2Fwp%2Fv2%2Fmedia&parent=1338"}],"curies":[{"name":"wp","href":"https:\/\/api.w.org\/{rel}","templated":true}]}}

María Lado

<div data-elementor-type="wp-page" data-elementor-id="1338" class="elementor elementor-1338">
						<section class="elementor-section elementor-top-section elementor-element elementor-element-92fc3c3 elementor-section-boxed elementor-section-height-default elementor-section-height-default" data-id="92fc3c3" data-element_type="section" data-e-type="section">
						<div class="elementor-container elementor-column-gap-default">
					<div class="elementor-column elementor-col-100 elementor-top-column elementor-element elementor-element-e880e34" data-id="e880e34" data-element_type="column" data-e-type="column">
			<div class="elementor-widget-wrap elementor-element-populated">
						<div class="elementor-element elementor-element-3199e27 elementor-widget elementor-widget-image" data-id="3199e27" data-element_type="widget" data-e-type="widget" data-widget_type="image.default">
				<div class="elementor-widget-container">
															<img fetchpriority="high" decoding="async" width="350" height="350" src="https://i0.wp.com/tecedeiras.gal/wp-content/uploads/2020/12/maria_2.jpg?fit=350%2C350" class="attachment-large size-large wp-image-1345" alt="" srcset="https://i0.wp.com/tecedeiras.gal/wp-content/uploads/2020/12/maria_2.jpg?w=350 350w, https://i0.wp.com/tecedeiras.gal/wp-content/uploads/2020/12/maria_2.jpg?resize=300%2C300 300w, https://i0.wp.com/tecedeiras.gal/wp-content/uploads/2020/12/maria_2.jpg?resize=150%2C150 150w, https://i0.wp.com/tecedeiras.gal/wp-content/uploads/2020/12/maria_2.jpg?resize=230%2C230 230w" sizes="(max-width: 350px) 100vw, 350px" />															</div>
				</div>
				<div class="elementor-element elementor-element-3024330 elementor-widget elementor-widget-text-editor" data-id="3024330" data-element_type="widget" data-e-type="widget" data-widget_type="text-editor.default">
				<div class="elementor-widget-container">
									

Formei parte do Batallón Literario da Costa da Morte, onde comecei a recitar e publicar. Como poeta publiquei A primeira visión (1997), casa atlántica, casa cabaret (2002), berlín (2005), Nove (2008), Amantes (2011)  oso, mamá, si? (2015)  que foi escollido Mellor Libro de Poesía na I Gala do Libro Galego e Gramo Stendhal (2020). O meu interese polo teatro e a oralidade, leváronme a experimentar na poesía escénica a través de diferentes proxectos. Fun unha das creadoras do colectivo Poetas da Hostia e, dende o 2005, manteño con Lucía Aldao o dúo Aldaolado. Escribín varios textos de teatro, dos que me gusta destacar Anatomía dunha serea, escrito con Iria Pinheiro que foi merecedor do premio María Casares. Son tamén autora dos conto para crianzas Porque Cuqui non quere ir á lavadora (2014) e Cinco minutos (2017). En 2016 publiquei a novela xuvenil Entre os dous hai un río (2016).

								</div>
				</div>
				<section class="elementor-section elementor-inner-section elementor-element elementor-element-3e5fe04 elementor-section-boxed elementor-section-height-default elementor-section-height-default" data-id="3e5fe04" data-element_type="section" data-e-type="section">
						<div class="elementor-container elementor-column-gap-default">
					<div class="elementor-column elementor-col-25 elementor-inner-column elementor-element elementor-element-8d5584b" data-id="8d5584b" data-element_type="column" data-e-type="column">
			<div class="elementor-widget-wrap">
							</div>
		</div>
				<div class="elementor-column elementor-col-25 elementor-inner-column elementor-element elementor-element-6b24edb" data-id="6b24edb" data-element_type="column" data-e-type="column">
			<div class="elementor-widget-wrap elementor-element-populated">
						<div class="elementor-element elementor-element-2f79441 elementor-view-default elementor-widget elementor-widget-icon" data-id="2f79441" data-element_type="widget" data-e-type="widget" data-widget_type="icon.default">
				<div class="elementor-widget-container">
							<div class="elementor-icon-wrapper">
			<a class="elementor-icon" href="https://www.facebook.com/maria.demallou">
			<i aria-hidden="true" class="fab fa-facebook-f"></i>			</a>
		</div>
						</div>
				</div>
					</div>
		</div>
				<div class="elementor-column elementor-col-25 elementor-inner-column elementor-element elementor-element-012f65e" data-id="012f65e" data-element_type="column" data-e-type="column">
			<div class="elementor-widget-wrap elementor-element-populated">
						<div class="elementor-element elementor-element-343f935 elementor-view-default elementor-widget elementor-widget-icon" data-id="343f935" data-element_type="widget" data-e-type="widget" data-widget_type="icon.default">
				<div class="elementor-widget-container">
							<div class="elementor-icon-wrapper">
			<a class="elementor-icon" href="https://www.instagram.com/lado_maria/">
			<i aria-hidden="true" class="fab fa-instagram"></i>			</a>
		</div>
						</div>
				</div>
					</div>
		</div>
				<div class="elementor-column elementor-col-25 elementor-inner-column elementor-element elementor-element-25e9462" data-id="25e9462" data-element_type="column" data-e-type="column">
			<div class="elementor-widget-wrap">
							</div>
		</div>
					</div>
		</section>
					</div>
		</div>
					</div>
		</section>
				</div>

<p>Formei parte do Batallón Literario da Costa da Morte, onde comecei a recitar e publicar. Como poeta publiquei A primeira visión (1997), [&hellip;]</p>
