{"id":1227,"date":"2020-08-11T21:32:40","date_gmt":"2020-08-11T19:32:40","guid":{"rendered":"http:\/\/tecedeiras.gal\/?page_id=1227"},"modified":"2023-04-20T17:01:55","modified_gmt":"2023-04-20T15:01:55","slug":"outono-inverno-primavera-2","status":"publish","type":"page","link":"http:\/\/tecedeiras.gal\/?page_id=1227","title":{"rendered":"Outono-Inverno-Primavera"},"content":{"rendered":"<div class=\"wp-block-image\">\n<figure class=\"aligncenter size-large\"><img data-recalc-dims=\"1\" fetchpriority=\"high\" decoding=\"async\" width=\"1024\" height=\"1024\" src=\"https:\/\/i0.wp.com\/tecedeiras.gal\/wp-content\/uploads\/2023\/04\/convocatoria-pri-23-1024x1024.jpg?resize=1024%2C1024&#038;ssl=1\" alt=\"\" class=\"wp-image-1602\" srcset=\"https:\/\/i0.wp.com\/tecedeiras.gal\/wp-content\/uploads\/2023\/04\/convocatoria-pri-23.jpg?resize=1024%2C1024 1024w, https:\/\/i0.wp.com\/tecedeiras.gal\/wp-content\/uploads\/2023\/04\/convocatoria-pri-23.jpg?resize=300%2C300 300w, https:\/\/i0.wp.com\/tecedeiras.gal\/wp-content\/uploads\/2023\/04\/convocatoria-pri-23.jpg?resize=150%2C150 150w, https:\/\/i0.wp.com\/tecedeiras.gal\/wp-content\/uploads\/2023\/04\/convocatoria-pri-23.jpg?resize=768%2C768 768w, https:\/\/i0.wp.com\/tecedeiras.gal\/wp-content\/uploads\/2023\/04\/convocatoria-pri-23.jpg?resize=1000%2C1000 1000w, https:\/\/i0.wp.com\/tecedeiras.gal\/wp-content\/uploads\/2023\/04\/convocatoria-pri-23.jpg?resize=230%2C230 230w, https:\/\/i0.wp.com\/tecedeiras.gal\/wp-content\/uploads\/2023\/04\/convocatoria-pri-23.jpg?resize=350%2C350 350w, https:\/\/i0.wp.com\/tecedeiras.gal\/wp-content\/uploads\/2023\/04\/convocatoria-pri-23.jpg?resize=480%2C480 480w, https:\/\/i0.wp.com\/tecedeiras.gal\/wp-content\/uploads\/2023\/04\/convocatoria-pri-23.jpg?w=1260 1260w\" sizes=\"(max-width: 1024px) 100vw, 1024px\" \/><\/figure>\n<\/div>\n\n\n<p>Velaqu\u00ed a proposta de obradoiros para o curso 2022-23. Son convocatorias trimestrais as\u00ed que van organizadas por estaci\u00f3ns.<\/p>\n\n\n\n<ul class=\"wp-block-list\">\n<li><strong>Outono<\/strong> (setembro-decembro)<\/li>\n\n\n\n<li><strong>Inverno<\/strong> (xaneiro-marzo)<\/li>\n\n\n\n<li><strong>Primavera<\/strong> (abril-xu\u00f1o)<\/li>\n<\/ul>\n\n\n\n<p>Grupos reducidos (m\u00e1ximo 7-8 persoas).<\/p>\n\n\n\n<p><\/p>\n\n\n\n<p class=\"has-text-align-center\"><strong><span style=\"text-decoration: underline;\">Grupos para persoas adultas<\/span><\/strong><\/p>\n\n\n\n<ul class=\"wp-block-list\">\n<li>Martes \u00e1s 20h<\/li>\n<\/ul>\n\n\n\n<p><strong>Prezo do obradoiro de primavera 96 \u20ac<\/strong> (6 sesi\u00f3ns quincenais de 2 horas).<\/p>\n\n\n\n<p><\/p>\n\n\n\n<p><\/p>\n","protected":false},"excerpt":{"rendered":"<p>Velaqu\u00ed a proposta de obradoiros para o curso 2022-23. Son convocatorias trimestrais as\u00ed que van organizadas por estaci\u00f3ns. Grupos reducidos (m\u00e1ximo 7-8 [&hellip;]<\/p>\n","protected":false},"author":5,"featured_media":0,"parent":0,"menu_order":0,"comment_status":"closed","ping_status":"closed","template":"","meta":{"footnotes":""},"class_list":["post-1227","page","type-page","status-publish","hentry"],"jetpack_sharing_enabled":true,"_links":{"self":[{"href":"http:\/\/tecedeiras.gal\/index.php?rest_route=\/wp\/v2\/pages\/1227","targetHints":{"allow":["GET"]}}],"collection":[{"href":"http:\/\/tecedeiras.gal\/index.php?rest_route=\/wp\/v2\/pages"}],"about":[{"href":"http:\/\/tecedeiras.gal\/index.php?rest_route=\/wp\/v2\/types\/page"}],"author":[{"embeddable":true,"href":"http:\/\/tecedeiras.gal\/index.php?rest_route=\/wp\/v2\/users\/5"}],"replies":[{"embeddable":true,"href":"http:\/\/tecedeiras.gal\/index.php?rest_route=%2Fwp%2Fv2%2Fcomments&post=1227"}],"version-history":[{"count":14,"href":"http:\/\/tecedeiras.gal\/index.php?rest_route=\/wp\/v2\/pages\/1227\/revisions"}],"predecessor-version":[{"id":1604,"href":"http:\/\/tecedeiras.gal\/index.php?rest_route=\/wp\/v2\/pages\/1227\/revisions\/1604"}],"wp:attachment":[{"href":"http:\/\/tecedeiras.gal\/index.php?rest_route=%2Fwp%2Fv2%2Fmedia&parent=1227"}],"curies":[{"name":"wp","href":"https:\/\/api.w.org\/{rel}","templated":true}]}}

<div class="wp-block-image">
<figure class="aligncenter size-large"><img data-recalc-dims="1" fetchpriority="high" decoding="async" width="1024" height="1024" src="https://i0.wp.com/tecedeiras.gal/wp-content/uploads/2023/04/convocatoria-pri-23-1024x1024.jpg?resize=1024%2C1024&#038;ssl=1" alt="" class="wp-image-1602" srcset="https://i0.wp.com/tecedeiras.gal/wp-content/uploads/2023/04/convocatoria-pri-23.jpg?resize=1024%2C1024 1024w, https://i0.wp.com/tecedeiras.gal/wp-content/uploads/2023/04/convocatoria-pri-23.jpg?resize=300%2C300 300w, https://i0.wp.com/tecedeiras.gal/wp-content/uploads/2023/04/convocatoria-pri-23.jpg?resize=150%2C150 150w, https://i0.wp.com/tecedeiras.gal/wp-content/uploads/2023/04/convocatoria-pri-23.jpg?resize=768%2C768 768w, https://i0.wp.com/tecedeiras.gal/wp-content/uploads/2023/04/convocatoria-pri-23.jpg?resize=1000%2C1000 1000w, https://i0.wp.com/tecedeiras.gal/wp-content/uploads/2023/04/convocatoria-pri-23.jpg?resize=230%2C230 230w, https://i0.wp.com/tecedeiras.gal/wp-content/uploads/2023/04/convocatoria-pri-23.jpg?resize=350%2C350 350w, https://i0.wp.com/tecedeiras.gal/wp-content/uploads/2023/04/convocatoria-pri-23.jpg?resize=480%2C480 480w, https://i0.wp.com/tecedeiras.gal/wp-content/uploads/2023/04/convocatoria-pri-23.jpg?w=1260 1260w" sizes="(max-width: 1024px) 100vw, 1024px" /></figure>
</div>


<p>Velaquí a proposta de obradoiros para o curso 2022-23. Son convocatorias trimestrais así que van organizadas por estacións.</p>



<ul class="wp-block-list">
<li><strong>Outono</strong> (setembro-decembro)</li>



<li><strong>Inverno</strong> (xaneiro-marzo)</li>



<li><strong>Primavera</strong> (abril-xuño)</li>
</ul>



<p>Grupos reducidos (máximo 7-8 persoas).</p>



<p></p>



<p class="has-text-align-center"><strong><span style="text-decoration: underline;">Grupos para persoas adultas</span></strong></p>



<ul class="wp-block-list">
<li>Martes ás 20h</li>
</ul>



<p><strong>Prezo do obradoiro de primavera 96 €</strong> (6 sesións quincenais de 2 horas).</p>



<p></p>



<p></p>

<p>Velaquí a proposta de obradoiros para o curso 2022-23. Son convocatorias trimestrais así que van organizadas por estacións. Grupos reducidos (máximo 7-8 [&hellip;]</p>
